{"id":138,"date":"2020-09-24T09:08:12","date_gmt":"2020-09-24T09:08:12","guid":{"rendered":"http:\/\/www.sykl.digidaktik.dk\/?page_id=138"},"modified":"2020-12-16T09:35:55","modified_gmt":"2020-12-16T09:35:55","slug":"stilladskort","status":"publish","type":"page","link":"https:\/\/sykl.digidaktik.dk\/index.php\/om-projektet\/stilladskort\/","title":{"rendered":"Stilladskort"},"content":{"rendered":"\t\t<div data-elementor-type=\"wp-page\" data-elementor-id=\"138\" class=\"elementor elementor-138\" data-elementor-settings=\"[]\">\n\t\t\t\t\t\t<div class=\"elementor-inner\">\n\t\t\t\t\t\t\t<div class=\"elementor-section-wrap\">\n\t\t\t\t\t\t\t<section class=\"elementor-section elementor-top-section elementor-element elementor-element-fa68254 elementor-section-boxed elementor-section-height-default elementor-section-height-default\" data-id=\"fa68254\" data-element_type=\"section\">\n\t\t\t\t\t\t<div class=\"elementor-container elementor-column-gap-default\">\n\t\t\t\t\t\t\t<div class=\"elementor-row\">\n\t\t\t\t\t<div class=\"elementor-column elementor-col-100 elementor-top-column elementor-element elementor-element-069ff5b\" data-id=\"069ff5b\" data-element_type=\"column\">\n\t\t\t<div class=\"elementor-column-wrap elementor-element-populated\">\n\t\t\t\t\t\t\t<div class=\"elementor-widget-wrap\">\n\t\t\t\t\t\t<div class=\"elementor-element elementor-element-e54dfe3 elementor-widget elementor-widget-text-editor\" data-id=\"e54dfe3\" data-element_type=\"widget\" data-widget_type=\"text-editor.default\">\n\t\t\t\t<div class=\"elementor-widget-container\">\n\t\t\t\t\t\t\t\t<div class=\"elementor-text-editor elementor-clearfix\">\n\t\t\t\t\t<p>Stilladskort er t\u00e6nkt som stilladseringsv\u00e6rkt\u00f8jer (promtcards), dvs. kort der kan hj\u00e6lpe eleverne med at f\u00e5 struktur og dybde i deres faglige dialoger.<\/p>\t\t\t\t\t<\/div>\n\t\t\t\t\t\t<\/div>\n\t\t\t\t<\/div>\n\t\t\t\t<section class=\"elementor-section elementor-inner-section elementor-element elementor-element-a14dbbb elementor-section-boxed elementor-section-height-default elementor-section-height-default\" data-id=\"a14dbbb\" data-element_type=\"section\">\n\t\t\t\t\t\t<div class=\"elementor-container elementor-column-gap-default\">\n\t\t\t\t\t\t\t<div class=\"elementor-row\">\n\t\t\t\t\t<div class=\"elementor-column elementor-col-50 elementor-inner-column elementor-element elementor-element-913d5b8\" data-id=\"913d5b8\" data-element_type=\"column\">\n\t\t\t<div class=\"elementor-column-wrap elementor-element-populated\">\n\t\t\t\t\t\t\t<div class=\"elementor-widget-wrap\">\n\t\t\t\t\t\t<div class=\"elementor-element elementor-element-6023b24 elementor-widget elementor-widget-image\" data-id=\"6023b24\" data-element_type=\"widget\" data-widget_type=\"image.default\">\n\t\t\t\t<div class=\"elementor-widget-container\">\n\t\t\t\t\t\t\t\t<div class=\"elementor-image\">\n\t\t\t\t\t\t\t\t\t\t\t\t<img width=\"1024\" height=\"1024\" src=\"https:\/\/sykl.digidaktik.dk\/wp-content\/uploads\/2020\/11\/SYKL-matematik-illustration-2-1024x1024.jpg\" class=\"attachment-large size-large\" alt=\"\" loading=\"lazy\" srcset=\"https:\/\/sykl.digidaktik.dk\/wp-content\/uploads\/2020\/11\/SYKL-matematik-illustration-2-1024x1024.jpg 1024w, https:\/\/sykl.digidaktik.dk\/wp-content\/uploads\/2020\/11\/SYKL-matematik-illustration-2-300x300.jpg 300w, https:\/\/sykl.digidaktik.dk\/wp-content\/uploads\/2020\/11\/SYKL-matematik-illustration-2-150x150.jpg 150w, https:\/\/sykl.digidaktik.dk\/wp-content\/uploads\/2020\/11\/SYKL-matematik-illustration-2-768x768.jpg 768w, https:\/\/sykl.digidaktik.dk\/wp-content\/uploads\/2020\/11\/SYKL-matematik-illustration-2-1536x1536.jpg 1536w, https:\/\/sykl.digidaktik.dk\/wp-content\/uploads\/2020\/11\/SYKL-matematik-illustration-2-2048x2048.jpg 2048w, https:\/\/sykl.digidaktik.dk\/wp-content\/uploads\/2020\/11\/SYKL-matematik-illustration-2-830x830.jpg 830w, https:\/\/sykl.digidaktik.dk\/wp-content\/uploads\/2020\/11\/SYKL-matematik-illustration-2-230x230.jpg 230w, https:\/\/sykl.digidaktik.dk\/wp-content\/uploads\/2020\/11\/SYKL-matematik-illustration-2-350x350.jpg 350w, https:\/\/sykl.digidaktik.dk\/wp-content\/uploads\/2020\/11\/SYKL-matematik-illustration-2-480x480.jpg 480w\" sizes=\"(max-width: 1024px) 100vw, 1024px\" \/>\t\t\t\t\t\t\t\t\t\t\t\t\t\t<\/div>\n\t\t\t\t\t\t<\/div>\n\t\t\t\t<\/div>\n\t\t\t\t\t\t<\/div>\n\t\t\t\t\t<\/div>\n\t\t<\/div>\n\t\t\t\t<div class=\"elementor-column elementor-col-50 elementor-inner-column elementor-element elementor-element-d6cc57c\" data-id=\"d6cc57c\" data-element_type=\"column\">\n\t\t\t<div class=\"elementor-column-wrap elementor-element-populated\">\n\t\t\t\t\t\t\t<div class=\"elementor-widget-wrap\">\n\t\t\t\t\t\t<div class=\"elementor-element elementor-element-5fd8dda elementor-widget elementor-widget-heading\" data-id=\"5fd8dda\" data-element_type=\"widget\" data-widget_type=\"heading.default\">\n\t\t\t\t<div class=\"elementor-widget-container\">\n\t\t\t<h2 class=\"elementor-heading-title elementor-size-large\"><a href=\"https:\/\/sykl.digidaktik.dk\/wp-content\/uploads\/2020\/12\/Stilladskort_mat.pdf\">Hent stilladskort til matematik her<\/a><\/h2>\t\t<\/div>\n\t\t\t\t<\/div>\n\t\t\t\t\t\t<\/div>\n\t\t\t\t\t<\/div>\n\t\t<\/div>\n\t\t\t\t\t\t\t\t<\/div>\n\t\t\t\t\t<\/div>\n\t\t<\/section>\n\t\t\t\t\t\t<\/div>\n\t\t\t\t\t<\/div>\n\t\t<\/div>\n\t\t\t\t\t\t\t\t<\/div>\n\t\t\t\t\t<\/div>\n\t\t<\/section>\n\t\t\t\t<section class=\"elementor-section elementor-top-section elementor-element elementor-element-338f559 elementor-section-boxed elementor-section-height-default elementor-section-height-default\" data-id=\"338f559\" data-element_type=\"section\">\n\t\t\t\t\t\t<div class=\"elementor-container elementor-column-gap-default\">\n\t\t\t\t\t\t\t<div class=\"elementor-row\">\n\t\t\t\t\t<div class=\"elementor-column elementor-col-100 elementor-top-column elementor-element elementor-element-97d8b26\" data-id=\"97d8b26\" data-element_type=\"column\">\n\t\t\t<div class=\"elementor-column-wrap elementor-element-populated\">\n\t\t\t\t\t\t\t<div class=\"elementor-widget-wrap\">\n\t\t\t\t\t\t<section class=\"elementor-section elementor-inner-section elementor-element elementor-element-7065065 elementor-section-boxed elementor-section-height-default elementor-section-height-default\" data-id=\"7065065\" data-element_type=\"section\">\n\t\t\t\t\t\t<div class=\"elementor-container elementor-column-gap-default\">\n\t\t\t\t\t\t\t<div class=\"elementor-row\">\n\t\t\t\t\t<div class=\"elementor-column elementor-col-50 elementor-inner-column elementor-element elementor-element-d0f2bdc\" data-id=\"d0f2bdc\" data-element_type=\"column\">\n\t\t\t<div class=\"elementor-column-wrap elementor-element-populated\">\n\t\t\t\t\t\t\t<div class=\"elementor-widget-wrap\">\n\t\t\t\t\t\t<div class=\"elementor-element elementor-element-ad1c227 elementor-widget elementor-widget-image\" data-id=\"ad1c227\" data-element_type=\"widget\" data-widget_type=\"image.default\">\n\t\t\t\t<div class=\"elementor-widget-container\">\n\t\t\t\t\t\t\t\t<div class=\"elementor-image\">\n\t\t\t\t\t\t\t\t\t\t\t\t<img width=\"1024\" height=\"1024\" src=\"https:\/\/sykl.digidaktik.dk\/wp-content\/uploads\/2020\/11\/illustration_natur_teknologi_CMYK-1024x1024.jpg\" class=\"attachment-large size-large\" alt=\"\" loading=\"lazy\" srcset=\"https:\/\/sykl.digidaktik.dk\/wp-content\/uploads\/2020\/11\/illustration_natur_teknologi_CMYK-1024x1024.jpg 1024w, https:\/\/sykl.digidaktik.dk\/wp-content\/uploads\/2020\/11\/illustration_natur_teknologi_CMYK-300x300.jpg 300w, https:\/\/sykl.digidaktik.dk\/wp-content\/uploads\/2020\/11\/illustration_natur_teknologi_CMYK-150x150.jpg 150w, https:\/\/sykl.digidaktik.dk\/wp-content\/uploads\/2020\/11\/illustration_natur_teknologi_CMYK-768x768.jpg 768w, https:\/\/sykl.digidaktik.dk\/wp-content\/uploads\/2020\/11\/illustration_natur_teknologi_CMYK-1536x1536.jpg 1536w, https:\/\/sykl.digidaktik.dk\/wp-content\/uploads\/2020\/11\/illustration_natur_teknologi_CMYK-2048x2048.jpg 2048w, https:\/\/sykl.digidaktik.dk\/wp-content\/uploads\/2020\/11\/illustration_natur_teknologi_CMYK-830x830.jpg 830w, https:\/\/sykl.digidaktik.dk\/wp-content\/uploads\/2020\/11\/illustration_natur_teknologi_CMYK-230x230.jpg 230w, https:\/\/sykl.digidaktik.dk\/wp-content\/uploads\/2020\/11\/illustration_natur_teknologi_CMYK-350x350.jpg 350w, https:\/\/sykl.digidaktik.dk\/wp-content\/uploads\/2020\/11\/illustration_natur_teknologi_CMYK-480x480.jpg 480w\" sizes=\"(max-width: 1024px) 100vw, 1024px\" \/>\t\t\t\t\t\t\t\t\t\t\t\t\t\t<\/div>\n\t\t\t\t\t\t<\/div>\n\t\t\t\t<\/div>\n\t\t\t\t\t\t<\/div>\n\t\t\t\t\t<\/div>\n\t\t<\/div>\n\t\t\t\t<div class=\"elementor-column elementor-col-50 elementor-inner-column elementor-element elementor-element-406deb1\" data-id=\"406deb1\" data-element_type=\"column\">\n\t\t\t<div class=\"elementor-column-wrap elementor-element-populated\">\n\t\t\t\t\t\t\t<div class=\"elementor-widget-wrap\">\n\t\t\t\t\t\t<div class=\"elementor-element elementor-element-ad581d7 elementor-widget elementor-widget-heading\" data-id=\"ad581d7\" data-element_type=\"widget\" data-widget_type=\"heading.default\">\n\t\t\t\t<div class=\"elementor-widget-container\">\n\t\t\t<h2 class=\"elementor-heading-title elementor-size-large\"><a href=\"https:\/\/sykl.digidaktik.dk\/wp-content\/uploads\/2020\/12\/Stilladskort_nt.pdf\">Hent stilladskort til natur\/teknologi her<\/a><\/h2>\t\t<\/div>\n\t\t\t\t<\/div>\n\t\t\t\t\t\t<\/div>\n\t\t\t\t\t<\/div>\n\t\t<\/div>\n\t\t\t\t\t\t\t\t<\/div>\n\t\t\t\t\t<\/div>\n\t\t<\/section>\n\t\t\t\t\t\t<\/div>\n\t\t\t\t\t<\/div>\n\t\t<\/div>\n\t\t\t\t\t\t\t\t<\/div>\n\t\t\t\t\t<\/div>\n\t\t<\/section>\n\t\t\t\t\t\t<\/div>\n\t\t\t\t\t\t<\/div>\n\t\t\t\t\t<\/div>\n\t\t","protected":false},"excerpt":{"rendered":"<p>Stilladskort er t\u00e6nkt som stilladseringsv\u00e6rkt\u00f8jer (promtcards), dvs. kort der kan hj\u00e6lpe eleverne med at f\u00e5 struktur og dybde i deres faglige dialoger. Hent stilladskort til matematik her Hent stilladskort til natur\/teknologi her<\/p>\n","protected":false},"author":1,"featured_media":0,"parent":8,"menu_order":0,"comment_status":"closed","ping_status":"closed","template":"","meta":[],"_links":{"self":[{"href":"https:\/\/sykl.digidaktik.dk\/index.php\/wp-json\/wp\/v2\/pages\/138"}],"collection":[{"href":"https:\/\/sykl.digidaktik.dk\/index.php\/wp-json\/wp\/v2\/pages"}],"about":[{"href":"https:\/\/sykl.digidaktik.dk\/index.php\/wp-json\/wp\/v2\/types\/page"}],"author":[{"embeddable":true,"href":"https:\/\/sykl.digidaktik.dk\/index.php\/wp-json\/wp\/v2\/users\/1"}],"replies":[{"embeddable":true,"href":"https:\/\/sykl.digidaktik.dk\/index.php\/wp-json\/wp\/v2\/comments?post=138"}],"version-history":[{"count":25,"href":"https:\/\/sykl.digidaktik.dk\/index.php\/wp-json\/wp\/v2\/pages\/138\/revisions"}],"predecessor-version":[{"id":655,"href":"https:\/\/sykl.digidaktik.dk\/index.php\/wp-json\/wp\/v2\/pages\/138\/revisions\/655"}],"up":[{"embeddable":true,"href":"https:\/\/sykl.digidaktik.dk\/index.php\/wp-json\/wp\/v2\/pages\/8"}],"wp:attachment":[{"href":"https:\/\/sykl.digidaktik.dk\/index.php\/wp-json\/wp\/v2\/media?parent=138"}],"curies":[{"name":"wp","href":"https:\/\/api.w.org\/{rel}","templated":true}]}}